et z(g) = -39*g + 75. What are the prime factors of z(v)?
2, 3, 7
Let x(w) = -4*w + 24. Let k be x(5). Suppose -3*p + 263 = -p + b, -b = k*p - 523. What are the prime factors of p?
2, 5, 13
Let f be (-44)/(-1) - (-1 + -3 + 6). Suppose -46*w = -f*w - 16. Suppose -2*x = -4*x + w*l + 426, -2*x + 438 = -l. List the prime factors of x.
13, 17
Let g be (335 - (5 - 2))*1. Suppose -g = 14*v - 4966. List the prime factors of v.
331
Suppose 52934 = 310*z - 303*z. List the prime factors of z.
2, 19, 199
Suppose -1 = 6*d - 13. Suppose d*a - 18 = -4*i + 52, -2*i + 116 = 4*a. Suppose -a*t - 10 = -32*t. List the prime factors of t.
2
Suppose -4*h - z = -4676, 4*h - 3259 - 1405 = -4*z. Suppose -u + 3510 = 3*v + 4*u, -2*u = v - h. Suppose 71 = -7*r + v. List the prime factors of r.
157
Let b(k) = k**3 - k**2 + k. Let d(o) = -5*o**3 + 3*o**2 - 4*o - 3. Let y(u) = 6*b(u) + d(u). Let n = 1891 + -1886. List the prime factors of y(n).
3, 19
Let i = 2 + -2. Suppose 227 = n - 5*q, i = 3*q - 2*q. Suppose -2*c - 826 = -3*v - n, -4*v = 5*c - 814. List the prime factors of v.
3, 67
Let s be 2/8*374*4. List the prime factors of (0 - 66)*s/(-68).
3, 11
Let u = -1407 + 2002. List the prime factors of 17/(u/(-10)) - (-2146)/14.
3, 17
Let i(n) = 605*n**2 - 37*n - 36. List the prime factors of i(-1).
2, 3, 101
Suppose 8*a - 26566 - 99706 = 0. List the prime factors of a.
2, 1973
Let j be (-2 - (3866 - -6))*2/(-4). Suppose 2*k + k + 2*r = j, 5*k - r = 3237. What are the prime factors of k?
647
Suppose -v - 19*m = -7*m + 28, -2*v + 31 = -5*m. Let q(c) = 54*c - 16. Let x(h) = 11*h - 3. Let o(b) = 3*q(b) - 14*x(b). List the prime factors of o(v).
2, 29
What are the prime factors of (-13*57)/((-3)/(-708)*-4)?
3, 13, 19, 59
Let r(n) = -n**2 + 27*n + 36. Suppose 0 = -2*k - 3*k - 4*a + 20, -2*a = k - 10. Suppose 2*t - 55 + 5 = k. What are the prime factors of r(t)?
2, 43
Let n be (1 - -989)/(-6) + 6/2. Let f = n + 334. Suppose -f + 22 = -6*t. What are the prime factors of t?
5
Let m = -5569 + 10673. List the prime factors of m.
2, 11, 29
Suppose -3 = h - 0. Let t be (h/(-2))/((-3)/(-138)). Suppose -t = 17*r - 18*r. What are the prime factors of r?
3, 23
Let p(m) = 526*m**2 - 83*m - 367. What are the prime factors of p(11)?
2, 31183
Suppose -4*a + 552 = 4*w, -8*w = -6*w - 2. Suppose -134*g = -a*g + 4539. List the prime factors of g.
17, 89
Let w = -28 - 0. Suppose -28*h - 622 + 342 = -336. Let x = h - w. List the prime factors of x.
2, 3, 5
Let o(w) = w**3 + 2*w**2 - 5*w. Let z be o(-3). Let i be (3/(-3))/(2/z). Let b(d) = -d**3 - 2*d**2 + 1. List the prime factors of b(i).
2, 5
Suppose 4*r + 16 - 28 = 0. Let t(y) = -y + 2. Let j be t(-3). Suppose 2*b - 88 = -j*d, -3*d - 13 = -r*b + 119. What are the prime factors of b?
2, 11
Suppose -27*r + 384045 = -550148 - 76741. List the prime factors of r.
2, 97, 193
Let n(t) be the second derivative of -t**4/12 - 17*t**3/6 - 9*t**2/2 - 8*t. Let d = -15 - -2. List the prime factors of n(d).
43
Suppose -10*a + 239 = 79. Suppose -4*k - a = 0, 5*k = -c - 4*c. Suppose -c*f + 267 = -f. List the prime factors of f.
89
Let v be (-333 + -5 + -10)*(1 + 0). Let u = -291 - v. What are the prime factors of u?
3, 19
Suppose -16*b = -87*b + 34*b + 613682. List the prime factors of b.
2, 8293
Let l(p) = -5*p**3 - 6*p**2 + 8*p + 7. Let f = 56 - 61. What are the prime factors of l(f)?
2, 13, 17
Let p(h) = 3*h**3 - 5*h + 4. Suppose -2*b - 3 = -g, 0 = 2*g + 18 - 8. Let q be p(b). Let x = -95 - q. List the prime factors of x.
73
Let n = 59 + -41. Let a be 1 + (-327)/n - 1/(-6). Let f = -5 - a. What are the prime factors of f?
2, 3
Suppose -155 = i - 2*i - 2*v, v + 575 = 4*i. Let p = i - -499. What are the prime factors of p?
2, 7, 23
Let f(n) = 4122*n**3 + n**2 - 1. Let j be f(-1). Let d = j + 6069. What are the prime factors of d?
3, 11, 59
Suppose -78332 - 261886 = -41*g. What are the prime factors of g?
2, 3, 461
Let q = 8 - 5. Let o be ((-28)/(-21))/((-224)/(-504)). Suppose q*c = 4*p + 311, -2*c + o*p = c - 312. What are the prime factors of c?
3, 5, 7
What are the prime factors of (-31767)/(-6) + 120/(-48)?
2, 3, 7
Let m(o) = -7*o**3 + 18*o**2 - 30. Let t(p) = 13*p**3 - 36*p**2 + 2*p + 59. Let y(s) = -11*m(s) - 6*t(s). List the prime factors of y(15).
3, 157
Let b(z) = 18*z**2 + 3*z + 21. Let m be b(-9). Suppose 5482 = 5*a + m. Suppose a = 12*p - 994. What are the prime factors of p?
2, 3, 5
Suppose 3*j + 4 = 2*j, 3*v + 5*j + 38 = 0. Let a = v - -5. What are the prime factors of 86 - a - 2*(-5)/5?
89
Let h(q) = -463*q**3 + 7*q**2 + 22*q + 6. What are the prime factors of h(-3)?
2, 3, 521
Suppose 0 = -19*y + 22*y - x - 56465, -5*x = -2*y + 37665. What are the prime factors of y?
2, 5, 941
Let u = -7447 + 11305. What are the prime factors of u?
2, 3, 643
Let r(p) = -17*p - 2. Let y = 17 + -14. Suppose -5*g + 4*f = 14 + 14, 4*f = y*g + 20. What are the prime factors of r(g)?
2, 3, 11
Suppose -21349 = -3*f - 5*p, 4*f - 11*p - 28504 = -8*p. What are the prime factors of f?
17, 419
Let l(k) = -2*k**3 + 8*k**2 + 7*k - 6. Let r be l(4). Suppose -58 + r = 4*a. Let n(v) = -v**2 - 18*v - 13. What are the prime factors of n(a)?
2, 17
Let n(f) = -f**3 + f**2 + 4. Let t be n(-2). Suppose 15*r + t = 11*r. List the prime factors of (10/(-6))/(332/84 + r).
5, 7
Let d(l) = -15*l + 69 - l + 36*l. What are the prime factors of d(9)?
3, 83
Let s = -6185 - -9646. What are the prime factors of s?
3461
Suppose 58 = -x + 62. Suppose 355 = -x*s + 27. Let m = s - -157. List the prime factors of m.
3, 5
Let a = -167240 - -236821. List the prime factors of a.
17, 4093
Suppose -2*p = -11 - 7. Suppose -2*x + 12 = -x - 4*j, -3*j - p = -3*x. Suppose 8*d - 236 - 204 = x. List the prime factors of d.
5, 11
Suppose 4*s + 2 - 38 = 0. Suppose 5*a = -m + 3, -2*m - s = 3*a - 5*m. Suppose -2*n + b + 226 = 0, 232 = 2*n - 4*b - a*b. List the prime factors of n.
2, 7
Suppose 0 = -m + 2*h + 12430, -5*h + 17435 = 5*m - 44610. What are the prime factors of m?
2, 97
Let n = 1841 - 936. Let o = n - 264. List the prime factors of o.
641
Let i be 3/24*-2*(-5 - 15). List the prime factors of (-140)/15*-54 - (1 - i).
2, 127
Let b(p) = 6187*p**2 + 5*p - 7. What are the prime factors of b(2)?
53, 467
Suppose 0 = -26*n + 25*n - 137. Let l be n/2*3*2/(-3). Suppose -3*j = 5*c - l, -2*c - 132 - 94 = -4*j. What are the prime factors of j?
2, 3
List the prime factors of -162*(-496 - (-14 - -34)).
2, 3, 43
Let g(f) = 4*f**2 + 13*f - 3. Suppose -2*q - 3*i - 9 = 0, 0 = -5*q + 3*i - 2*i - 31. Let m be g(q). Let x = m - 57. List the prime factors of x.
2, 3
Let a = 2 + -5. Let p(h) = -12*h - 23. Let j(f) = 48*f + 83. Let k(w) = -6*j(w) - 22*p(w). What are the prime factors of k(a)?
2, 5
Let c be (1 - -173)*((-84)/18 - -4). Let w = c + 45. Let b = w - -131. List the prime factors of b.
2, 3, 5
Let v = 144 + -131. List the prime factors of (1 - v)/((-15)/250).
2, 5
Suppose -2*g + 2*b - 10*b = -34220, -3*g + 5*b = -51228. List the prime factors of g.
2, 8543
Suppose 0 = -118*r + 848042 - 107710. List the prime factors of r.
2, 3137
Let d(h) = 6*h - 6. Let s be d(0). Let w(c) = 5*c**2 + c - 10. Let o be w(s). Suppose 5*g - 3*z - o = -0*z, 0 = -5*g + 4*z + 162. List the prime factors of g.
2, 17
Suppose -p - 48 = -7*p. Suppose 11*n - p*n = -144. Let s = 86 + n. List the prime factors of s.
2, 19
Let j(n) = -2510*n**3 + 9*n**2 + 5*n - 25. What are the prime factors of j(-2)?
43, 467
Suppose -5*r = -49*q + 44*q + 137310, 11*q - 2*r = 302028. List the prime factors of q.
2, 3, 11, 13
Let x(j) = 40*j + 43. Let h be x(-6). Let s = 354 + h. List the prime factors of s.
157
List the prime factors of 640431/44 + (4/20 - (-31)/20).
14557
Let p = -45 + 48. Let n(v) = 13*v**3 - 4*v**p + 4*v**3 - 4*v. List the prime factors of n(2).
2, 3
Let a = 4039 + -920. What are the prime factors of a?
3119
Suppose 0 = -711*p - 703*p + 1407*p + 60473. What are the prime factors of p?
53, 163
Suppose 5 + 79 = -14*h. Let g(c) = c**3 + 8*c**2 - 3*c - 9. What are the prime factors of g(h)?
3
Let g = -34 - -37. Suppose t + 2*t + 13 = f, -37 = -f - g*t. Suppose 405 = 5*s + f. What are the prime factors of s?
2, 19
Suppose -7*u - 11*u = -62542 - 712376. List the prime factors of u.
43051
Let x(p) = 45*p - 38*p + 0*p**2 + p**2. Let r be x(-7). Suppose -4*k 